{"id":5882,"date":"2024-10-28T10:02:40","date_gmt":"2024-10-28T13:02:40","guid":{"rendered":"https:\/\/oescadao.com.br\/?post_type=product&#038;p=5882"},"modified":"2026-04-02T15:02:36","modified_gmt":"2026-04-02T18:02:36","slug":"chuveiro-eletrico-maxi-ducha-3200w-lorenzetti","status":"publish","type":"product","link":"https:\/\/oescadao.com.br\/index.php\/produto\/chuveiro-eletrico-maxi-ducha-3200w-lorenzetti\/","title":{"rendered":"DUCHA LORENZ MAXI DUCHA 3200W"},"content":{"rendered":"<p>A Maxi Ducha agora vem com a nova resist\u00eancia Loren Ultra. A tecnologia Loren Ultra revoluciona o conceito de durabilidade e desempenho em compara\u00e7\u00e3o as resist\u00eancias comuns.<\/p>\n<p>Economia no pre\u00e7o e modernidade do design acompanham a Maxi Ducha. Com espalhador de grandes dimens\u00f5es, a Maxi Ducha proporciona um banho relaxante, pois oferece uma vaz\u00e3o uniforme de \u00e1gua.<br \/>\nA ducha \u00e9 compat\u00edvel com aquecedores solares, ampliando assim a sua utiliza\u00e7\u00e3o.<\/p>\n","protected":false},"excerpt":{"rendered":"<p>A Maxi Ducha agora vem com a nova resist\u00eancia Loren Ultra. A tecnologia Loren Ultra revoluciona o conceito de durabilidade<\/p>\n","protected":false},"featured_media":0,"comment_status":"open","ping_status":"closed","template":"","meta":[],"product_brand":[],"product_cat":[228,563],"product_tag":[586,597,569,565,573,598],"class_list":{"0":"post-5882","1":"product","2":"type-product","3":"status-publish","5":"product_cat-banheiro","6":"product_cat-chuveiro","7":"product_tag-agua","8":"product_tag-banheiro","9":"product_tag-banho","10":"product_tag-ducha","11":"product_tag-lorenzetti","12":"product_tag-maxi-ducha","14":"first","15":"instock","16":"shipping-taxable","17":"purchasable","18":"product-type-simple"},"_links":{"self":[{"href":"https:\/\/oescadao.com.br\/index.php\/wp-json\/wp\/v2\/product\/5882","targetHints":{"allow":["GET"]}}],"collection":[{"href":"https:\/\/oescadao.com.br\/index.php\/wp-json\/wp\/v2\/product"}],"about":[{"href":"https:\/\/oescadao.com.br\/index.php\/wp-json\/wp\/v2\/types\/product"}],"replies":[{"embeddable":true,"href":"https:\/\/oescadao.com.br\/index.php\/wp-json\/wp\/v2\/comments?post=5882"}],"version-history":[{"count":1,"href":"https:\/\/oescadao.com.br\/index.php\/wp-json\/wp\/v2\/product\/5882\/revisions"}],"predecessor-version":[{"id":6517,"href":"https:\/\/oescadao.com.br\/index.php\/wp-json\/wp\/v2\/product\/5882\/revisions\/6517"}],"wp:attachment":[{"href":"https:\/\/oescadao.com.br\/index.php\/wp-json\/wp\/v2\/media?parent=5882"}],"wp:term":[{"taxonomy":"product_brand","embeddable":true,"href":"https:\/\/oescadao.com.br\/index.php\/wp-json\/wp\/v2\/product_brand?post=5882"},{"taxonomy":"product_cat","embeddable":true,"href":"https:\/\/oescadao.com.br\/index.php\/wp-json\/wp\/v2\/product_cat?post=5882"},{"taxonomy":"product_tag","embeddable":true,"href":"https:\/\/oescadao.com.br\/index.php\/wp-json\/wp\/v2\/product_tag?post=5882"}],"curies":[{"name":"wp","href":"https:\/\/api.w.org\/{rel}","templated":true}]}}