{"id":5881,"date":"2024-10-28T10:02:36","date_gmt":"2024-10-28T13:02:36","guid":{"rendered":"https:\/\/oescadao.com.br\/?post_type=product&#038;p=5881"},"modified":"2026-03-20T21:02:19","modified_gmt":"2026-03-21T00:02:19","slug":"chuveiro-eletrico-futura-6800w-lorenzetti","status":"publish","type":"product","link":"https:\/\/oescadao.com.br\/index.php\/produto\/chuveiro-eletrico-futura-6800w-lorenzetti\/","title":{"rendered":"DUCHA LORENZ FUTURA ELET 6800W"},"content":{"rendered":"<div id=\"descriptionContainer\" class=\"selected-product__description-container card accordion mb-sm-5\">\n<div id=\"collapseDescription\" class=\"collapse show\" aria-labelledby=\"headingDescription\" data-parent=\"#descriptionContainer\">\n<div class=\"card-body\">\n<div class=\"selected-product__description-container--content\">As duchas\u00a0<strong>Futura<\/strong>\u00a0possuem design moderno e oferecem uma experi\u00eancia \u00fanica de relaxamento durante o banho, al\u00e9m de dispensar o cano para instala\u00e7\u00e3o, deixando o ambiente mais harmonioso. A Ducha Futura Eletr\u00f4nica, possui controle de temperatura gradual proporcionando maior comodidade e economia na hora do banho. A escolha da temperatura \u00e9 realizada por meio de bot\u00e3o ou de haste prolongadora de 20 cm, que facilita ainda mais o acesso.<\/div>\n<\/div>\n<\/div>\n<\/div>\n<div id=\"detailContainer\" class=\"selected-product__detail-container card accordion mb-sm-5\">\n<div id=\"headingDetail\" class=\"card-header\" data-toggle=\"collapse\" data-target=\"#collapseDetail\" aria-expanded=\"false\" aria-controls=\"collapseDetail\"><\/div>\n<\/div>\n","protected":false},"excerpt":{"rendered":"<p>As duchas\u00a0Futura\u00a0possuem design moderno e oferecem uma experi\u00eancia \u00fanica de relaxamento durante o banho, al\u00e9m de dispensar o cano para<\/p>\n","protected":false},"featured_media":0,"comment_status":"open","ping_status":"closed","template":"","meta":[],"product_brand":[],"product_cat":[228,563],"product_tag":[586,569,564,565,596,595,573],"class_list":{"0":"post-5881","1":"product","2":"type-product","3":"status-publish","5":"product_cat-banheiro","6":"product_cat-chuveiro","7":"product_tag-agua","8":"product_tag-banho","9":"product_tag-chuveiro","10":"product_tag-ducha","11":"product_tag-futura","12":"product_tag-futuro","13":"product_tag-lorenzetti","15":"first","16":"instock","17":"shipping-taxable","18":"purchasable","19":"product-type-simple"},"_links":{"self":[{"href":"https:\/\/oescadao.com.br\/index.php\/wp-json\/wp\/v2\/product\/5881","targetHints":{"allow":["GET"]}}],"collection":[{"href":"https:\/\/oescadao.com.br\/index.php\/wp-json\/wp\/v2\/product"}],"about":[{"href":"https:\/\/oescadao.com.br\/index.php\/wp-json\/wp\/v2\/types\/product"}],"replies":[{"embeddable":true,"href":"https:\/\/oescadao.com.br\/index.php\/wp-json\/wp\/v2\/comments?post=5881"}],"version-history":[{"count":1,"href":"https:\/\/oescadao.com.br\/index.php\/wp-json\/wp\/v2\/product\/5881\/revisions"}],"predecessor-version":[{"id":6432,"href":"https:\/\/oescadao.com.br\/index.php\/wp-json\/wp\/v2\/product\/5881\/revisions\/6432"}],"wp:attachment":[{"href":"https:\/\/oescadao.com.br\/index.php\/wp-json\/wp\/v2\/media?parent=5881"}],"wp:term":[{"taxonomy":"product_brand","embeddable":true,"href":"https:\/\/oescadao.com.br\/index.php\/wp-json\/wp\/v2\/product_brand?post=5881"},{"taxonomy":"product_cat","embeddable":true,"href":"https:\/\/oescadao.com.br\/index.php\/wp-json\/wp\/v2\/product_cat?post=5881"},{"taxonomy":"product_tag","embeddable":true,"href":"https:\/\/oescadao.com.br\/index.php\/wp-json\/wp\/v2\/product_tag?post=5881"}],"curies":[{"name":"wp","href":"https:\/\/api.w.org\/{rel}","templated":true}]}}