{"id":5850,"date":"2024-10-28T09:14:25","date_gmt":"2024-10-28T12:14:25","guid":{"rendered":"https:\/\/oescadao.com.br\/?post_type=product&#038;p=5850"},"modified":"2026-02-23T12:02:02","modified_gmt":"2026-02-23T15:02:02","slug":"chuveiro-eletrico-acqua-century-preto-6800w-lorenzetti","status":"publish","type":"product","link":"https:\/\/oescadao.com.br\/index.php\/produto\/chuveiro-eletrico-acqua-century-preto-6800w-lorenzetti\/","title":{"rendered":"DUCHA LORENZ ACQUA CENTURY ELET PT 6800W"},"content":{"rendered":"<p>A experi\u00eancia de banho tem recebido novas propostas nos \u00faltimos anos. o chuveiro el\u00e9trico ganhou protagonismo nos projetos de design de interior mais modernos, a partir de novas tecnologias e design\u00a0totalmente inovadores. Esse cen\u00e1rio ganha um novo cap\u00edtulo que desafia o tempo, com uma inova\u00e7\u00e3o surpreendente. A Lorenzetti lan\u00e7a o Acqua Century Eletr\u00f4nico, em comemora\u00e7\u00e3o aos 100 anos da marca.<\/p>\n<p>O Acqua Century Eletr\u00f4nico se destaca pelo design arrojado e pelas funcionalidades que garantem uma experi\u00eancia \u00fanica de banho.<\/p>\n<p>Ele \u00e9 compat\u00edvel tamb\u00e9m com aquecimento solar, aquecimento a g\u00e1s e aquecimento por acumula\u00e7\u00e3o.<\/p>\n<p>Possui comando eletr\u00f4nico, que permite a escolha gradual e precisa da temperatura, oferecendo um banho confort\u00e1vel em todas as esta\u00e7\u00f5es do ano.<\/p>\n<p>O Acqua Century Eletr\u00f4nico conta com a resist\u00eancia Loren Ultra, de alta performance e longa dura\u00e7\u00e3o. O exclusivo cartucho garante uma troca r\u00e1pida e segura.<\/p>\n","protected":false},"excerpt":{"rendered":"<p>A experi\u00eancia de banho tem recebido novas propostas nos \u00faltimos anos. o chuveiro el\u00e9trico ganhou protagonismo nos projetos de design<\/p>\n","protected":false},"featured_media":0,"comment_status":"open","ping_status":"closed","template":"","meta":[],"product_brand":[],"product_cat":[228,563],"product_tag":[568,574,575,565,573],"class_list":{"0":"post-5850","1":"product","2":"type-product","3":"status-publish","5":"product_cat-banheiro","6":"product_cat-chuveiro","7":"product_tag-6800w","8":"product_tag-acqua","9":"product_tag-century","10":"product_tag-ducha","11":"product_tag-lorenzetti","13":"first","14":"instock","15":"shipping-taxable","16":"purchasable","17":"product-type-simple"},"_links":{"self":[{"href":"https:\/\/oescadao.com.br\/index.php\/wp-json\/wp\/v2\/product\/5850","targetHints":{"allow":["GET"]}}],"collection":[{"href":"https:\/\/oescadao.com.br\/index.php\/wp-json\/wp\/v2\/product"}],"about":[{"href":"https:\/\/oescadao.com.br\/index.php\/wp-json\/wp\/v2\/types\/product"}],"replies":[{"embeddable":true,"href":"https:\/\/oescadao.com.br\/index.php\/wp-json\/wp\/v2\/comments?post=5850"}],"version-history":[{"count":1,"href":"https:\/\/oescadao.com.br\/index.php\/wp-json\/wp\/v2\/product\/5850\/revisions"}],"predecessor-version":[{"id":6978,"href":"https:\/\/oescadao.com.br\/index.php\/wp-json\/wp\/v2\/product\/5850\/revisions\/6978"}],"wp:attachment":[{"href":"https:\/\/oescadao.com.br\/index.php\/wp-json\/wp\/v2\/media?parent=5850"}],"wp:term":[{"taxonomy":"product_brand","embeddable":true,"href":"https:\/\/oescadao.com.br\/index.php\/wp-json\/wp\/v2\/product_brand?post=5850"},{"taxonomy":"product_cat","embeddable":true,"href":"https:\/\/oescadao.com.br\/index.php\/wp-json\/wp\/v2\/product_cat?post=5850"},{"taxonomy":"product_tag","embeddable":true,"href":"https:\/\/oescadao.com.br\/index.php\/wp-json\/wp\/v2\/product_tag?post=5850"}],"curies":[{"name":"wp","href":"https:\/\/api.w.org\/{rel}","templated":true}]}}