{"id":5847,"date":"2024-10-28T08:45:50","date_gmt":"2024-10-28T11:45:50","guid":{"rendered":"https:\/\/oescadao.com.br\/?post_type=product&#038;p=5847"},"modified":"2025-11-18T15:01:27","modified_gmt":"2025-11-18T18:01:27","slug":"chuveiro-eletrico-elegance-3220-6800w-fame","status":"publish","type":"product","link":"https:\/\/oescadao.com.br\/index.php\/produto\/chuveiro-eletrico-elegance-3220-6800w-fame\/","title":{"rendered":"DUCHA FAME 3220 ELEGANCE ELETR 6800W"},"content":{"rendered":"<p><strong>Ducha Elegance Eletr\u00f4nica FAME \u00e9 a\u00a0op\u00e7\u00e3o para um banho sofisticado para quem n\u00e3o abre m\u00e3o da eleg\u00e2ncia.\u00a0<\/strong>Com design diferenciado, um exclusivo sistema eletr\u00f4nico de controle de temperatura e um espalhador de \u00e1gua projetado para oferecer o maior volume de \u00e1gua, a Ducha Elegance Eletr\u00f4nica FAME \u00e9 perfeita para um banho envolvente e agrad\u00e1vel, agregando sofistica\u00e7\u00e3o, eleg\u00e2ncia e toda a experi\u00eancia de mais um produto de qualidade da marca FAME.<\/p>\n<p>&nbsp;<\/p>\n<p><strong>&#8211; Banho confort\u00e1vel, com muita \u00e1gua quente e eleg\u00e2ncia.<\/strong><\/p>\n<p><strong>&#8211; Super espalhador de \u00e1gua.<\/strong><\/p>\n<p><strong>&#8211; Controle Eletr\u00f4nico de temperatura com haste remov\u00edvel que facilita o acesso, na hora de selecionar a melhor temperatura para o seu banho.<\/strong><\/p>\n<p>&nbsp;<\/p>\n<p>A Ducha Elegance Eletr\u00f4nica, traz as seguintes inova\u00e7\u00f5es:<\/p>\n<p>&nbsp;<\/p>\n<ul>\n<li><strong>Resist\u00eancia com exclusivo sistema de encaixe.<\/strong><\/li>\n<li><strong>Diafragma de \u00faltima gera\u00e7\u00e3o:<\/strong>\u00a0maior precis\u00e3o no acionamento com durabilidade ainda maior.<\/li>\n<li><strong>Conjunto de contatos el\u00e9tricos super refor\u00e7ados garantindo mais seguran\u00e7a.<\/strong><\/li>\n<\/ul>\n","protected":false},"excerpt":{"rendered":"<p>Ducha Elegance Eletr\u00f4nica FAME \u00e9 a\u00a0op\u00e7\u00e3o para um banho sofisticado para quem n\u00e3o abre m\u00e3o da eleg\u00e2ncia.\u00a0Com design diferenciado, um<\/p>\n","protected":false},"featured_media":0,"comment_status":"open","ping_status":"closed","template":"","meta":[],"product_brand":[],"product_cat":[228,563],"product_tag":[567,568,569,564,565,566],"class_list":{"0":"post-5847","1":"product","2":"type-product","3":"status-publish","5":"product_cat-banheiro","6":"product_cat-chuveiro","7":"product_tag-567","8":"product_tag-6800w","9":"product_tag-banho","10":"product_tag-chuveiro","11":"product_tag-ducha","12":"product_tag-fame","14":"first","15":"instock","16":"shipping-taxable","17":"purchasable","18":"product-type-simple"},"_links":{"self":[{"href":"https:\/\/oescadao.com.br\/index.php\/wp-json\/wp\/v2\/product\/5847","targetHints":{"allow":["GET"]}}],"collection":[{"href":"https:\/\/oescadao.com.br\/index.php\/wp-json\/wp\/v2\/product"}],"about":[{"href":"https:\/\/oescadao.com.br\/index.php\/wp-json\/wp\/v2\/types\/product"}],"replies":[{"embeddable":true,"href":"https:\/\/oescadao.com.br\/index.php\/wp-json\/wp\/v2\/comments?post=5847"}],"version-history":[{"count":1,"href":"https:\/\/oescadao.com.br\/index.php\/wp-json\/wp\/v2\/product\/5847\/revisions"}],"predecessor-version":[{"id":20265,"href":"https:\/\/oescadao.com.br\/index.php\/wp-json\/wp\/v2\/product\/5847\/revisions\/20265"}],"wp:attachment":[{"href":"https:\/\/oescadao.com.br\/index.php\/wp-json\/wp\/v2\/media?parent=5847"}],"wp:term":[{"taxonomy":"product_brand","embeddable":true,"href":"https:\/\/oescadao.com.br\/index.php\/wp-json\/wp\/v2\/product_brand?post=5847"},{"taxonomy":"product_cat","embeddable":true,"href":"https:\/\/oescadao.com.br\/index.php\/wp-json\/wp\/v2\/product_cat?post=5847"},{"taxonomy":"product_tag","embeddable":true,"href":"https:\/\/oescadao.com.br\/index.php\/wp-json\/wp\/v2\/product_tag?post=5847"}],"curies":[{"name":"wp","href":"https:\/\/api.w.org\/{rel}","templated":true}]}}