{"id":5776,"date":"2024-10-17T10:09:58","date_gmt":"2024-10-17T13:09:58","guid":{"rendered":"https:\/\/oescadao.com.br\/?post_type=product&#038;p=5776"},"modified":"2025-11-18T18:01:44","modified_gmt":"2025-11-18T21:01:44","slug":"luminaria-stove-cimento-260mm-avant","status":"publish","type":"product","link":"https:\/\/oescadao.com.br\/index.php\/produto\/luminaria-stove-cimento-260mm-avant\/","title":{"rendered":"LUM AVANT PEND STOVE CIM 260MM 1XE27"},"content":{"rendered":"<p>Trazendo fortes lembran\u00e7as da casa da vov\u00f3, fazendas e s\u00edtios espalhados pelo nosso pa\u00eds, a linha Stove remete aos lat\u00f5es de leite quente e caf\u00e9s da manh\u00e3 com a fam\u00edlia, com aquela gostosa sensa\u00e7\u00e3o do campo que n\u00f3s tanto valorizamos e que parecem cada vez mais distante da corrida vida dos grandes centros. Seu acabamento em cimento e os detalhes em bronze fazem desta uma pe\u00e7a \u00fanica e em alta com o que h\u00e1 de mais novo no mercado mundial de ilumina\u00e7\u00e3o. Dispon\u00edvel em dois tamanhos, escolha um Stove e traga uma parte do campo para dentro da sua casa!<\/p>\n","protected":false},"excerpt":{"rendered":"<p>Trazendo fortes lembran\u00e7as da casa da vov\u00f3, fazendas e s\u00edtios espalhados pelo nosso pa\u00eds, a linha Stove remete aos lat\u00f5es<\/p>\n","protected":false},"featured_media":0,"comment_status":"open","ping_status":"closed","template":"","meta":[],"product_brand":[],"product_cat":[218,235],"product_tag":[535,546,560,561,545,544,554,543],"class_list":{"0":"post-5776","1":"product","2":"type-product","3":"status-publish","5":"product_cat-iluminacao","6":"product_cat-luminarias","7":"product_tag-avant","8":"product_tag-casa","9":"product_tag-cimento","10":"product_tag-decoracao","11":"product_tag-luminaria","12":"product_tag-lustre","13":"product_tag-luz","14":"product_tag-pendente","16":"first","17":"instock","18":"shipping-taxable","19":"purchasable","20":"product-type-simple"},"_links":{"self":[{"href":"https:\/\/oescadao.com.br\/index.php\/wp-json\/wp\/v2\/product\/5776","targetHints":{"allow":["GET"]}}],"collection":[{"href":"https:\/\/oescadao.com.br\/index.php\/wp-json\/wp\/v2\/product"}],"about":[{"href":"https:\/\/oescadao.com.br\/index.php\/wp-json\/wp\/v2\/types\/product"}],"replies":[{"embeddable":true,"href":"https:\/\/oescadao.com.br\/index.php\/wp-json\/wp\/v2\/comments?post=5776"}],"version-history":[{"count":1,"href":"https:\/\/oescadao.com.br\/index.php\/wp-json\/wp\/v2\/product\/5776\/revisions"}],"predecessor-version":[{"id":20274,"href":"https:\/\/oescadao.com.br\/index.php\/wp-json\/wp\/v2\/product\/5776\/revisions\/20274"}],"wp:attachment":[{"href":"https:\/\/oescadao.com.br\/index.php\/wp-json\/wp\/v2\/media?parent=5776"}],"wp:term":[{"taxonomy":"product_brand","embeddable":true,"href":"https:\/\/oescadao.com.br\/index.php\/wp-json\/wp\/v2\/product_brand?post=5776"},{"taxonomy":"product_cat","embeddable":true,"href":"https:\/\/oescadao.com.br\/index.php\/wp-json\/wp\/v2\/product_cat?post=5776"},{"taxonomy":"product_tag","embeddable":true,"href":"https:\/\/oescadao.com.br\/index.php\/wp-json\/wp\/v2\/product_tag?post=5776"}],"curies":[{"name":"wp","href":"https:\/\/api.w.org\/{rel}","templated":true}]}}