{"id":4845,"date":"2024-05-25T19:15:57","date_gmt":"2024-05-25T22:15:57","guid":{"rendered":"https:\/\/oescadao.com.br\/?post_type=product&#038;p=4845"},"modified":"2024-10-16T11:06:48","modified_gmt":"2024-10-16T14:06:48","slug":"painel-pop-sobrepor-redondo-12w-avant","status":"publish","type":"product","link":"https:\/\/oescadao.com.br\/index.php\/produto\/painel-pop-sobrepor-redondo-12w-avant\/","title":{"rendered":"Painel Pop Sobrepor Redondo 12w Avant"},"content":{"rendered":"<p>Os Pain\u00e9is ALU est\u00e3o dispon\u00edveis nos formatos quadrado e redondo, vers\u00e1til, proporcionando uma ilumina\u00e7\u00e3o homog\u00eanea com design clean e moderno \u00e9 indicado para instala\u00e7\u00f5es diretamente sobre a caixa de passagem, em superf\u00edcies de alvenaria ou concreto.<\/p>\n<p>PAINEL SOBREPOR<br \/>\nREDONDO<br \/>\nA linha de PAINEL SOBREPOR<br \/>\nREDONDO \u00e9 indicada para instala\u00e7\u00f5es<br \/>\ndiretamente sobre a caixa de passagem,<br \/>\nem superf\u00edcies de alvenaria ou concreto.<\/p>\n<p>PROPRIEDADES<\/p>\n<p>com corpo em alum\u00ednio e difusor em policarbonato.<br \/>\n\u203a Possui transformador eletr\u00f4nico isolado.<br \/>\n\u203a Fluxo luminoso constante em toda faixa de tens\u00e3o.<br \/>\n\u203a Tipo de instala\u00e7\u00e3o: Sobrepor.<\/p>\n<p>CARACTER\u00cdSTICAS DE FUNCIONAMENTO<br \/>\n\u203a Temperatura ambiente: -5\u00b0C a 40\u00b0C.<br \/>\n\u203a Tens\u00e3o nominal: 100V a 240V.<br \/>\n\u203a Fator de pot\u00eancia: &gt;0,50.<br \/>\n\u203a Baixo consumo de energia<\/p>\n","protected":false},"excerpt":{"rendered":"<p>Os Pain\u00e9is ALU est\u00e3o dispon\u00edveis nos formatos quadrado e redondo, vers\u00e1til, proporcionando uma ilumina\u00e7\u00e3o homog\u00eanea com design clean e moderno<\/p>\n","protected":false},"featured_media":4847,"comment_status":"open","ping_status":"closed","template":"","meta":[],"product_brand":[],"product_cat":[218,235,234],"product_tag":[535,540,538,539],"class_list":{"0":"post-4845","1":"product","2":"type-product","3":"status-publish","4":"has-post-thumbnail","6":"product_cat-iluminacao","7":"product_cat-luminarias","8":"product_cat-plafons","9":"product_tag-avant","10":"product_tag-painel","11":"product_tag-plafon","12":"product_tag-sobrepor","14":"first","15":"instock","16":"shipping-taxable","17":"purchasable","18":"product-type-simple"},"_links":{"self":[{"href":"https:\/\/oescadao.com.br\/index.php\/wp-json\/wp\/v2\/product\/4845","targetHints":{"allow":["GET"]}}],"collection":[{"href":"https:\/\/oescadao.com.br\/index.php\/wp-json\/wp\/v2\/product"}],"about":[{"href":"https:\/\/oescadao.com.br\/index.php\/wp-json\/wp\/v2\/types\/product"}],"replies":[{"embeddable":true,"href":"https:\/\/oescadao.com.br\/index.php\/wp-json\/wp\/v2\/comments?post=4845"}],"version-history":[{"count":1,"href":"https:\/\/oescadao.com.br\/index.php\/wp-json\/wp\/v2\/product\/4845\/revisions"}],"predecessor-version":[{"id":5014,"href":"https:\/\/oescadao.com.br\/index.php\/wp-json\/wp\/v2\/product\/4845\/revisions\/5014"}],"wp:featuredmedia":[{"embeddable":true,"href":"https:\/\/oescadao.com.br\/index.php\/wp-json\/wp\/v2\/media\/4847"}],"wp:attachment":[{"href":"https:\/\/oescadao.com.br\/index.php\/wp-json\/wp\/v2\/media?parent=4845"}],"wp:term":[{"taxonomy":"product_brand","embeddable":true,"href":"https:\/\/oescadao.com.br\/index.php\/wp-json\/wp\/v2\/product_brand?post=4845"},{"taxonomy":"product_cat","embeddable":true,"href":"https:\/\/oescadao.com.br\/index.php\/wp-json\/wp\/v2\/product_cat?post=4845"},{"taxonomy":"product_tag","embeddable":true,"href":"https:\/\/oescadao.com.br\/index.php\/wp-json\/wp\/v2\/product_tag?post=4845"}],"curies":[{"name":"wp","href":"https:\/\/api.w.org\/{rel}","templated":true}]}}